{"id":299,"date":"2025-04-20T21:28:22","date_gmt":"2025-04-20T19:28:22","guid":{"rendered":"https:\/\/tennisclubkrauchenwies.de\/?page_id=299"},"modified":"2026-03-20T18:27:44","modified_gmt":"2026-03-20T17:27:44","slug":"veranstaltungen","status":"publish","type":"page","link":"https:\/\/tennisclubkrauchenwies.de\/?page_id=299","title":{"rendered":"Veranstaltungen"},"content":{"rendered":"\n<div class=\"wp-block-cover alignfull\"><img loading=\"lazy\" decoding=\"async\" width=\"1184\" height=\"299\" class=\"wp-block-cover__image-background wp-image-424 size-full\" alt=\"\" src=\"https:\/\/tennisclubkrauchenwies.de\/wp-content\/uploads\/2025\/10\/Banner.jpg\" data-object-fit=\"cover\" srcset=\"https:\/\/tennisclubkrauchenwies.de\/wp-content\/uploads\/2025\/10\/Banner.jpg 1184w, https:\/\/tennisclubkrauchenwies.de\/wp-content\/uploads\/2025\/10\/Banner-300x76.jpg 300w, https:\/\/tennisclubkrauchenwies.de\/wp-content\/uploads\/2025\/10\/Banner-1024x259.jpg 1024w, https:\/\/tennisclubkrauchenwies.de\/wp-content\/uploads\/2025\/10\/Banner-768x194.jpg 768w\" sizes=\"auto, (max-width: 1184px) 100vw, 1184px\" \/><span aria-hidden=\"true\" class=\"wp-block-cover__background has-background-dim\" style=\"background-color:#6e4c44\"><\/span><div class=\"wp-block-cover__inner-container is-layout-constrained wp-block-cover-is-layout-constrained\">\n<h2 class=\"wp-block-heading has-text-align-left has-large-font-size\">Veranstaltungen<\/h2>\n\n\n\n<h6 class=\"wp-block-heading\">Hier findest du alle wichtigen Informationen zu den vergangenen und bevorstehenden Veranstaltungen und Events<\/h6>\n<\/div><\/div>\n\n\n\n<div style=\"height:100px\" aria-hidden=\"true\" class=\"wp-block-spacer\"><\/div>\n\n\n\n<div class=\"wp-block-media-text has-media-on-the-right is-stacked-on-mobile\"><div class=\"wp-block-media-text__content\">\n<p><strong>TCK Jahreshauptversammlung 2026<\/strong><\/p>\n\n\n\n<p>Am 24. April findet die diesj\u00e4hrige TCK Hauptversammlung statt. Hier findest du alle wichtigen Infos vorab!<\/p>\n\n\n\n<div class=\"wp-block-buttons is-layout-flex wp-block-buttons-is-layout-flex\">\n<div class=\"wp-block-button\"><a class=\"wp-block-button__link wp-element-button\" href=\"https:\/\/tennisclubkrauchenwies.de\/?page_id=436\">Infos<\/a><\/div>\n<\/div>\n<\/div><figure class=\"wp-block-media-text__media\"><img loading=\"lazy\" decoding=\"async\" width=\"1024\" height=\"1024\" src=\"https:\/\/tennisclubkrauchenwies.de\/wp-content\/uploads\/2026\/03\/1-1024x1024.png\" alt=\"\" class=\"wp-image-440 size-full\" srcset=\"https:\/\/tennisclubkrauchenwies.de\/wp-content\/uploads\/2026\/03\/1-1024x1024.png 1024w, https:\/\/tennisclubkrauchenwies.de\/wp-content\/uploads\/2026\/03\/1-300x300.png 300w, https:\/\/tennisclubkrauchenwies.de\/wp-content\/uploads\/2026\/03\/1-150x150.png 150w, https:\/\/tennisclubkrauchenwies.de\/wp-content\/uploads\/2026\/03\/1-768x768.png 768w, https:\/\/tennisclubkrauchenwies.de\/wp-content\/uploads\/2026\/03\/1-1536x1536.png 1536w, https:\/\/tennisclubkrauchenwies.de\/wp-content\/uploads\/2026\/03\/1.png 2000w\" sizes=\"auto, (max-width: 1024px) 100vw, 1024px\" \/><\/figure><\/div>\n\n\n\n<div class=\"wp-block-media-text is-stacked-on-mobile\"><figure class=\"wp-block-media-text__media\"><img loading=\"lazy\" decoding=\"async\" width=\"1024\" height=\"576\" src=\"https:\/\/tennisclubkrauchenwies.de\/wp-content\/uploads\/2025\/10\/DSC08098-1024x576.jpg\" alt=\"\" class=\"wp-image-382 size-full\" srcset=\"https:\/\/tennisclubkrauchenwies.de\/wp-content\/uploads\/2025\/10\/DSC08098-1024x576.jpg 1024w, https:\/\/tennisclubkrauchenwies.de\/wp-content\/uploads\/2025\/10\/DSC08098-300x169.jpg 300w, https:\/\/tennisclubkrauchenwies.de\/wp-content\/uploads\/2025\/10\/DSC08098-768x432.jpg 768w, https:\/\/tennisclubkrauchenwies.de\/wp-content\/uploads\/2025\/10\/DSC08098-1536x864.jpg 1536w, https:\/\/tennisclubkrauchenwies.de\/wp-content\/uploads\/2025\/10\/DSC08098-2048x1152.jpg 2048w\" sizes=\"auto, (max-width: 1024px) 100vw, 1024px\" \/><\/figure><div class=\"wp-block-media-text__content\">\n<p><strong>Tennis Beerpong Turnier 2025<\/strong><\/p>\n\n\n\n<p>Das erste Tennis Beerpong Tournament des Tennisclub Krauchenwies war ein voller Erfolg. Mit 32 hochmotivierten Teams, zahlreichen gut gelaunten Besuchern und einer Stimmung, die besser kaum h\u00e4tte sein k\u00f6nnen &#8211; wurde am 6. September 2025 um die erste Krauchenwieser Tennis Beerpong Meisterschaft gek\u00e4mpft. Im Anschluss zum Turnier-Geschehen verwandelte sich die Tennisanlage in eine Partyzone. Mit Live-DJ und Barbetrieb wurde bis sp\u00e4t in die Nacht gefeiert.<br>Wir freuen uns auf die Neauflage im kommenden Jahr!<\/p>\n\n\n\n<div class=\"wp-block-buttons is-layout-flex wp-block-buttons-is-layout-flex\">\n<div class=\"wp-block-button\"><a class=\"wp-block-button__link wp-element-button\" href=\"https:\/\/tennisclubkrauchenwies.de\/?page_id=426\">Bilder<\/a><\/div>\n<\/div>\n<\/div><\/div>\n\n\n\n<div style=\"height:100px\" aria-hidden=\"true\" class=\"wp-block-spacer\"><\/div>\n","protected":false},"excerpt":{"rendered":"","protected":false},"author":1,"featured_media":0,"parent":0,"menu_order":0,"comment_status":"closed","ping_status":"closed","template":"","meta":{"site-sidebar-layout":"default","site-content-layout":"","ast-site-content-layout":"","site-content-style":"default","site-sidebar-style":"default","ast-global-header-display":"","ast-banner-title-visibility":"","ast-main-header-display":"","ast-hfb-above-header-display":"","ast-hfb-below-header-display":"","ast-hfb-mobile-header-display":"","site-post-title":"disabled","ast-breadcrumbs-content":"","ast-featured-img":"","footer-sml-layout":"","ast-disable-related-posts":"","theme-transparent-header-meta":"","adv-header-id-meta":"","stick-header-meta":"","header-above-stick-meta":"","header-main-stick-meta":"","header-below-stick-meta":"","astra-migrate-meta-layouts":"default","ast-page-background-enabled":"default","ast-page-background-meta":{"desktop":{"background-color":"var(--ast-global-color-4)","background-image":"","background-repeat":"repeat","background-position":"center center","background-size":"auto","background-attachment":"scroll","background-type":"","background-media":"","overlay-type":"","overlay-color":"","overlay-opacity":"","overlay-gradient":""},"tablet":{"background-color":"","background-image":"","background-repeat":"repeat","background-position":"center center","background-size":"auto","background-attachment":"scroll","background-type":"","background-media":"","overlay-type":"","overlay-color":"","overlay-opacity":"","overlay-gradient":""},"mobile":{"background-color":"","background-image":"","background-repeat":"repeat","background-position":"center center","background-size":"auto","background-attachment":"scroll","background-type":"","background-media":"","overlay-type":"","overlay-color":"","overlay-opacity":"","overlay-gradient":""}},"ast-content-background-meta":{"desktop":{"background-color":"var(--ast-global-color-5)","background-image":"","background-repeat":"repeat","background-position":"center center","background-size":"auto","background-attachment":"scroll","background-type":"","background-media":"","overlay-type":"","overlay-color":"","overlay-opacity":"","overlay-gradient":""},"tablet":{"background-color":"var(--ast-global-color-5)","background-image":"","background-repeat":"repeat","background-position":"center center","background-size":"auto","background-attachment":"scroll","background-type":"","background-media":"","overlay-type":"","overlay-color":"","overlay-opacity":"","overlay-gradient":""},"mobile":{"background-color":"var(--ast-global-color-5)","background-image":"","background-repeat":"repeat","background-position":"center center","background-size":"auto","background-attachment":"scroll","background-type":"","background-media":"","overlay-type":"","overlay-color":"","overlay-opacity":"","overlay-gradient":""}},"footnotes":""},"class_list":["post-299","page","type-page","status-publish","hentry"],"_links":{"self":[{"href":"https:\/\/tennisclubkrauchenwies.de\/index.php?rest_route=\/wp\/v2\/pages\/299","targetHints":{"allow":["GET"]}}],"collection":[{"href":"https:\/\/tennisclubkrauchenwies.de\/index.php?rest_route=\/wp\/v2\/pages"}],"about":[{"href":"https:\/\/tennisclubkrauchenwies.de\/index.php?rest_route=\/wp\/v2\/types\/page"}],"author":[{"embeddable":true,"href":"https:\/\/tennisclubkrauchenwies.de\/index.php?rest_route=\/wp\/v2\/users\/1"}],"replies":[{"embeddable":true,"href":"https:\/\/tennisclubkrauchenwies.de\/index.php?rest_route=%2Fwp%2Fv2%2Fcomments&post=299"}],"version-history":[{"count":16,"href":"https:\/\/tennisclubkrauchenwies.de\/index.php?rest_route=\/wp\/v2\/pages\/299\/revisions"}],"predecessor-version":[{"id":442,"href":"https:\/\/tennisclubkrauchenwies.de\/index.php?rest_route=\/wp\/v2\/pages\/299\/revisions\/442"}],"wp:attachment":[{"href":"https:\/\/tennisclubkrauchenwies.de\/index.php?rest_route=%2Fwp%2Fv2%2Fmedia&parent=299"}],"curies":[{"name":"wp","href":"https:\/\/api.w.org\/{rel}","templated":true}]}}